e o(7). Let c = 15 + 15. Calculate the remainder when (m - -3) + 55 - 0 is divided by c.
28
Let w = -1077 + 1086. What is the remainder when (2 + -1)/((-4)/(-140)) is divided by w?
8
Suppose -3*s + 9 + 11 = 5*o, 4*o = -2*s + 16. Suppose 0 = -3*h + 3*i + 69, -67 - 26 = -o*h + 3*i. Calculate the remainder when 86 is divided by h.
14
Let s(y) = -y**3 - 4*y**2 - y - 1. Let a be s(-4). Calculate the remainder when (-3 - (-53)/3)*(0 + a) is divided by 15.
14
Let p = -867 + 1088. What is the remainder when p is divided by 28?
25
What is the remainder when 130 is divided by ((-190)/25)/((-4)/(-10)*-1)?
16
Let h(z) = z**2 - 4*z - 13. Let c be h(8). Let i = c + 0. Suppose 6*w - 13 = -3*b + 2*w, -w + 50 = 5*b. Calculate the remainder when i is divided by b.
8
Let p(d) = -d**3 + 29*d + 81. Calculate the remainder when 307 is divided by p(-5).
2
Let d = 198 + -41. Suppose 280 = -86*n + 93*n. Calculate the remainder when d is divided by n.
37
Let u(s) = 2*s**2 - 52*s - 41. What is the remainder when u(29) is divided by 17?
14
Let f = -43 + 20. Let v = 25 + f. Suppose -v*l - 66 = -5*l + 4*z, -3*z = 0. What is the remainder when 63 is divided by l?
19
What is the remainder when (-3)/((3/(-2))/(-1)) + 68 is divided by 20?
6
Let y(f) = -f**3 - 13*f**2 + 2*f + 28. Let d be y(-13). Suppose 12 = d*x + 2*h, -4 + 44 = 5*x + 3*h. What is the remainder when x is divided by 4?
3
Let w = 12 + -8. Suppose 0 = w*h + 5*g - 48, h = -3*h + g + 48. Let z = -44 + 90. What is the remainder when z is divided by h?
10
Let d(r) = -6*r + 28. Let m(j) = 8*j - 42. Let c(g) = -8*d(g) - 5*m(g). What is the remainder when c(5) is divided by 7?
5
Let i(q) = 24*q + 18. Calculate the remainder when 53 is divided by i(0).
17
Let v = -728 - -774. Suppose 2*y + 3*o = 44, 20 = -y + 2*y + o. Calculate the remainder when v is divided by y.
14
Suppose 0 = 3*d - 17 + 5. Calculate the remainder when 105/1 - (d - 7) is divided by 22.
20
Suppose -63 = -16*q + 13*q. Let a = q + -19. What is the remainder when 14 is divided by 1 - -8 - (a + -1)?
6
Let v(h) = 2*h**2 + 104*h + 25. Calculate the remainder when v(-53) is divided by 26.
1
Let v(k) = -k + 211. Calculate the remainder when v(11) is divided by 13.
5
Suppose -9*d + 916 = -524. What is the remainder when 56 is divided by ((-4)/10)/((-4)/d)?
8
Let z = 126 + 44. Let m = z - 116. What is the remainder when m is divided by 11?
10
Let m(t) = 2*t**2 - 18*t + 44. Calculate the remainder when 22 is divided by m(4).
2
Calculate the remainder when 1008 is divided by 7 + (-192)/108 - (-2)/(-9).
3
Suppose 5*f - 2 = 13, -3*h - 3*f + 48 = 0. What is the remainder when 62 is divided by 33/1*h/13?
29
Suppose 36 = -0*a + 2*a. Suppose 4*l - 16 - 8 = 0. Suppose y - l*y = -4*r + 145, -101 = -3*r - 4*y. What is the remainder when r is divided by a?
17
Let o(z) = -z**2 - 20*z - 69. What is the remainder when 307 is divided by o(-7)?
21
Let d = 244 - 228. Calculate the remainder when 740/12 + (-2)/3 is divided by d.
13
Suppose 3*w - 205 = -2*w. Let v = w - -1. Calculate the remainder when v is divided by 15 - ((-8)/2 + 4)/(-2).
12
Let z be 6 + 0/1 - 3. Suppose -415 = -5*l - 3*a - 136, -3*a + 165 = z*l. Suppose 3*v + l = 6*v. Calculate the remainder when v is divided by 5.
4
Suppose 275 = -91*x + 102*x. Calculate the remainder when 96 is divided by x.
21
Let v = 1134 + -452. Let y = -434 + v. What is the remainder when y is divided by 63?
59
Calculate the remainder when 211 is divided by 4*7/((-224)/(-344)).
39
Let d be 8*((-8)/(-28) - (-341)/7). Let h = d + -235. Calculate the remainder when h is divided by 54.
49
Let p(v) = 2*v**3 + 5*v**2 + 19 + 2*v - v**3 - 22 - 4*v. Let a be p(-5). Suppose 4*n + 30 = a*n. What is the remainder when 48 is divided by n?
8
Calculate the remainder when 60 is divided by (20/12)/(3/9) - -2.
4
Let b(r) = r**2 - 2*r + 5. Let a be b(0). Let o(w) = -w**3 - w + 8. Let i be o(0). Suppose 0 = -a*q + 2 + i. Calculate the remainder when 4 is divided by q.
0
Let x(w) = w**3 - 13*w**2 - 4*w - 70. Calculate the remainder when 1046 is divided by x(14).
66
Let s = -76 + 79. Suppose 3*f + m - 96 = -18, -2*f - s*m + 45 = 0. Calculate the remainder when 132 is divided by f.
24
Suppose 0 = t - 4*k - 138, -4*t - 78 + 730 = 4*k. What is the remainder when t is divided by 53?
52
Let m(y) = y**3 + 3*y**2 - 2*y - 5. Calculate the remainder when m(5) is divided by 48.
41
Let n = 972 + -655. What is the remainder when n is divided by 29?
27
Let w(q) = -31*q**3 - q**2 - 2*q - 1. Let n(l) = 4*l + 73. Calculate the remainder when w(-1) is divided by n(-16).
4
Let u(x) = -3*x - 7. Suppose 4*b + 4 = -2*h, 0 = -2*b - b + 3*h - 21. Let g be -1 + -3*(-4)/b. What is the remainder when 15 is divided by u(g)?
7
Suppose 123 = 4*p + 3*f, -2*f - 48 = -p + 3*f. Suppose -2 + 0 = -o, -2*z - 5*o = -34. Calculate the remainder when p is divided by z.
9
Let s(m) = -8*m**3 + 2*m**2 + 2*m + 2. Suppose 0 = -2*k + 5*b + 72, 4*k + 0*k - 3*b - 144 = 0. Calculate the remainder when s(-2) is divided by k.
34
Suppose -3*d = -5*d + 10. Suppose 5*t = -2*q + 22, -2*q = -3*t - 0 + 10. Let o = q + d. What is the remainder when 21 is divided by o?
3
Let n = -8 + -10. Let c be 24/n*(-36 - 0). Suppose 4*u - 132 = -c. Calculate the remainder when 60 is divided by u.
18
Suppose 0*h = 4*h - 20. What is the remainder when (-12)/30 + 210/25 is divided by (-6)/30 - (-26)/h?
3
Let j = 623 - 597. Let c(i) = 45*i - 10. Let b be c(7). Suppose 4*a = 12, -4*k + 3*a + b = 2*a. What is the remainder when k is divided by j?
25
Suppose 5*v - 6 = -3*n, 3*n = -0*v - 4*v + 3. Suppose p - 17 = -3*r + 3*p, r + v*p = 24. Suppose 6*x - 10 - 8 = 0. What is the remainder when r is divided by x?
0
Let z = 13 + -13. Suppose 6*d - d - 120 = z. Calculate the remainder when 14/35 + (-686)/(-10) is divided by d.
21
Suppose 2*c + 40 = 10*c. Suppose -4*b - q + 30 + 7 = 0, 2*q = c*b - 56. What is the remainder when 18 is divided by b?
8
Let w(x) = -3*x**2 + 28*x + 13. Calculate the remainder when 40 is divided by w(9).
18
Suppose 0 = -45*z + 3850 - 475. Calculate the remainder when 146 is divided by z.
71
Suppose 153 = 3*l + 4*p, -8 - 1 = -3*p. Suppose 58 + l = 5*h. Calculate the remainder when 71 is divided by h.
8
Suppose -3*g + 43 + 5 = 0. Let f = -8 + g. Suppose -3*r + 18 = z - 0*z, 5*z = -r - f. What is the remainder when 26 is divided by r?
5
Let q(u) = 5*u**2 + 21*u + 77. What is the remainder when q(-9) is divided by 99?
95
Suppose -4*b + 3*j + 27 = 2*j, 3*b = -3*j + 9. Suppose 4*s - 79 = -5*t, -t - t + 3*s = -27. What is the remainder when t is divided by b?
3
Let y = 11 - 10. Let g(z) = -57*z**3. Let i be g(y). Calculate the remainder when 436/6 + 38/i is divided by 25.
22
Let l(w) = w**3 + 15*w**2 - 19*w - 20. Calculate the remainder when 307 is divided by l(-16).
27
Let l(f) = f**3 - 8*f**2 + 8*f - 7. Let k be l(7). Suppose -7*d + d - 48 = k. Let u(s) = -s**2 - 11*s + 2. Calculate the remainder when u(d) is divided by 14.
12
Suppose -z = -4*t + 5 + 25, 0 = -5*t + 5*z + 45. Calculate the remainder when 54 is divided by t.
5
Let o = 649 - 237. Suppose -2*p = 2*p - o. What is the remainder when p is divided by 21?
19
Let s(z) = -2*z**3 - 14*z**2 + 23*z + 19. Calculate the remainder when s(-9) is divided by 69.
67
Suppose -2*u = -0*u - 122. Suppose 0 = -u*b + 65*b - 40. Calculate the remainder when 59 is divided by b.
9
Suppose -53 = -2*g - 1. Suppose 30*v - 208 - 190 - 22 = 0. What is the remainder when g is divided by v?
12
Let k = -12 - -21. Let v be (-1 - -4)/(33/110). Suppose 5*o = 20 + v. Calculate the remainder when k is divided by o.
3
Suppose -14*d + 5*a + 105 = -13*d, 2*d - 182 = -4*a. Calculate the remainder when d is divided by 30.
5
Calculate the remainder when 174 is divided by ((-668)/835)/((-1)/35 + 0).
6
Let t(u) = -u**2 - 5*u + 11. What is the remainder when 38 is divided by t(-5)?
5
Let k = 276 - -42. Calculate the remainder when k is divided by 17.
12
Let p(k) = 3*k**2 - 2*k + 4. Let m = 12 + -12. Suppose m = -6*u + 3*u + 6. Calculate the remainder when 33 is divided by p(u).
9
Let k = -17 - -27. Suppose -4*u + 8*u = 296. Suppose -2*n + i + 3*i = -u, i + 4 = 0. Calculate the remainder when n is divided by k.
9
Let y(b) = -3*b - 1. Let a(t) = -7*t - 1. Let f(z) = 6*a(z) - 13*y(z). Let j(n) = 2*n**2 